t of 3764419315?
1
What is the hundreds digit of 27952485?
4
What is the hundreds digit of 582074094?
0
What is the millions digit of 1455196342?
5
What is the hundred millions digit of 6328134316?
3
What is the millions digit of 39853285?
9
What is the tens digit of 294521972?
7
What is the thousands digit of 778482987?
2
What is the hundred thousands digit of 225642568?
6
What is the hundreds digit of 157000101?
1
What is the units digit of 41649957?
7
What is the ten millions digit of 1081028706?
8
What is the hundreds digit of 1077287143?
1
What is the tens digit of 371853732?
3
What is the ten thousands digit of 453072984?
7
What is the ten millions digit of 385435562?
8
What is the ten thousands digit of 515275593?
7
What is the ten millions digit of 2796329662?
9
What is the millions digit of 158840133?
8
What is the ten millions digit of 1502448114?
0
What is the ten millions digit of 5676048452?
7
What is the thousands digit of 37856971?
6
What is the millions digit of 1510094345?
0
What is the thousands digit of 3665506209?
6
What is the hundreds digit of 94342696?
6
What is the ten millions digit of 3367970608?
6
What is the tens digit of 2104972864?
6
What is the millions digit of 407998057?
7
What is the hundred millions digit of 4337411069?
3
What is the hundred millions digit of 261031046?
2
What is the hundred millions digit of 193414603?
1
What is the ten millions digit of 4258840943?
5
What is the ten millions digit of 24902814?
2
What is the ten thousands digit of 970938737?
3
What is the thousands digit of 11382744?
2
What is the tens digit of 2032123975?
7
What is the hundred thousands digit of 358574845?
5
What is the billions digit of 2164046767?
2
What is the millions digit of 126010687?
6
What is the units digit of 105154396?
6
What is the tens digit of 30832894?
9
What is the ten thousands digit of 94705665?
0
What is the thousands digit of 187039521?
9
What is the hundreds digit of 1319435566?
5
What is the units digit of 23731935?
5
What is the units digit of 687797135?
5
What is the hundred thousands digit of 105106592?
1
What is the ten millions digit of 1764287861?
6
What is the hundred millions digit of 258108842?
2
What is the thousands digit of 49197950?
7
What is the hundred thousands digit of 3541153962?
1
What is the tens digit of 223945629?
2
What is the millions digit of 3480950056?
0
What is the millions digit of 83947658?
3
What is the billions digit of 3988977190?
3
What is the ten thousands digit of 1089770461?
7
What is the tens digit of 6913047275?
7
What is the tens digit of 35280860?
6
What is the tens digit of 430573851?
5
What is the tens digit of 34482563?
6
What is the ten thousands digit of 286296421?
9
What is the hundred thousands digit of 93718164?
7
What is the thousands digit of 329648573?
8
What is the hundred thousands digit of 30369729?
3
What is the ten thousands digit of 7815259?
1
What is the ten thousands digit of 42723061?
2
What is the ten millions digit of 1328002712?
2
What is the hundreds digit of 385994753?
7
What is the ten millions digit of 27912929?
2
What is the ten millions digit of 1516370980?
1
What is the hundred thousands digit of 380770539?
7
What is the thousands digit of 78466848?
6
What is the millions digit of 290810250?
0
What is the hundreds digit of 377723153?
1
What is the hundred millions digit of 511999510?
5
What is the tens digit of 45404879?
7
What is the ten millions digit of 3822917535?
2
What is the hundred millions digit of 2863235234?
8
What is the hundred thousands digit of 99203703?
2
What is the millions digit of 4824442?
4
What is the tens digit of 52210815?
1
What is the thousands digit of 528916241?
6
What is the units digit of 341329?
9
What is the ten millions digit of 76161174?
7
What is the hundreds digit of 32575441?
4
What is the ten thousands digit of 2345769431?
6
What is the thousands digit of 6199131026?
1
What is the units digit of 44526215?
5
What is the tens digit of 38777584?
8
What is the tens digit of 160924139?
3
What is the units digit of 1081526100?
0
What is the millions digit of 1927163617?
7
What is the hundreds digit of 35149756?
7
What is the thousands digit of 959750126?
0
What is the tens digit of 43905830?
3
What is the millions digit of 850873333?
0
What is the thousands digit of 4065896909?
6
What is the hundreds digit of 35620900?
9
What is the ten millions digit of 1211076361?
1
What is the tens digit of 7668446331?
3
What is the billions digit of 1264994639?
1
What is the units digit of 1292671979?
9
What is the thousands digit of 309696569?
6
What is the hundreds digit of 6314758449?
4
What is the thousands digit of 56144931?
4
What is the hundreds digit of 1500071629?
6
What is the thousands digit of 144831501?
1
What is the hundred thousands digit of 54443540?
4
What is the ten thousands digit of 99952238?
5
What is the ten thousands digit of 144040390?
4
What is the millions digit of 106591745?
6
What is the thousands digit of 112528835?
8
What is the units digit of 1182463228?
8
What is the ten thousands digit of 34888120?
8
What is the ten thousands digit of 291433536?
3
What is the hundred thousands digit of 179564841?
5
What is the hundreds digit of 56495599?
5
What is the ten thousands digit of 446509525?
0
What is the units digit of 329426100?
0
What is the tens digit of 48781120?
2
What is the hundred thousands digit of 895092037?
0
What is the hundred millions digit of 6730923076?
7
What is the thousands digit of 226123315?
3
What is the billions digit of 3807958343?
3
What is the ten thousands digit of 2356071361?
7
What is the billions digit of 3980681741?
3
What is the millions digit of 37922939?
7
What is the tens digit of 35085023?
2
What is the ten thousands digit of 80549433?
4
What is the units digit of 1351592314?
4
What is the hundred thousands digit of 260503590?
5
What is the hundreds digit of 175535935?
9
What is the hundred millions digit of 1224365189?
2
What is the hundred millions digit of 1287909808?
2
What is the hundred thousands digit of 10342667?
3
What is the hundred millions digit of 190519569?
1
What is the tens digit of 74165544?
4
What is the ten millions digit of 1612755909?
1
What is the billions digit of 1978977236?
1
What is the hundreds digit of 366657977?
9
What is the ten thousands digit of 31527406?
2
What is the ten thousands digit of 52328605?
2
What is the millions digit of 1930974439?
0
What is the billions digit of 8477786664?
8
What is the ten millions digit of 24886514?
2
What is the hundred millions digit of 2412140345?
4
What is the thousands digit of 48231767?
1
What is the hundred thousands digit of 7591416?
5
What is the hundreds digit of 132499236?
2
What is the ten millions digit of 54569306?
5
What is the tens digit of 3750149889?
8
What is the ten thousands digit of 4512541048?
4
What is the ten millions digit of 53643253?
5
What is the tens digit of 141376049?
4
What is the ten millions digit of 4724896901?
2
What is the hundred thousands digit of 650763698?
7
What is the tens digit of 235299763?
6
What is the hundred thousands digit of 299899238?
8
What is the ten millions digit of 3782252169?
8
What is the millions digit of 196525612?
6
What is the thousands digit of 62747497?
7
What is the ten millions digit of 741033772?
4
What is the hundred millions digit of 296916504?
2
What is the hundreds digit of 120613549?
5
What is the ten thousands digit of 1271936012?
3
What is the thousands digit of 83425939?
5
What is the hundreds digit of 120549464?
4
What is the ten millions digit of 37143625?
3
What is the units digit of 1172323012?
2
What is the ten thousands digit of 819726936?
2
What is the units digit of 612500802?
2
What is the hundreds digit of 410067380?
3
What is the hundred millions digit of 3265793376?
2
What is the ten millions digit of 283282982?
8
What is the thousands digit of 4668082?
8
What is the ten millions digit of 7078973879?
7
What is the ten millions digit of 210320519?
1
What is the hundreds digit of 662068228?
2
What is the hundred thousands digit of 2759847070?
8
What is the thousands digit of 29274791?
4
What is the units digit of 163194211?
1
What is the hundred millions digit of 301202551?
3
What is the ten mill